rmine f(k).
3
Let i(h) = h**2 + 6201 - 6190 - 3*h**2 + h**2. Give i(-4).
-5
Suppose -3*f = -7*f. Suppose 22 = 2*s - f*s. Suppose s = -3*t - 7. Let y(h) = -h**2 - 7*h - 6. Determine y(t).
0
Let f be (-2 - (-7)/3) + (-1)/3. Let a(q) = 2*q + 1. Calculate a(f).
1
Let i(z) = z**3 + 6*z**2 - z - 3. Let d(h) = -h**3 - 5*h**2 + 2*h + 4. Let a be d(-5). Calculate i(a).
3
Suppose 4*a + 120 = 4*p - 0*p, 2*a - 150 = -5*p. Suppose -p = 5*d - 10*d. Let i(c) = -3*c**2 + 2*c**2 - 6 - 15*c + 24*c. What is i(d)?
12
Let g(k) = k**3 - 23*k**2 - 48*k - 35. Let o be g(25). Let z(v) = -v + 19. Calculate z(o).
4
Let x(c) be the second derivative of -c**3/6 - 3*c**2/2 + 2*c + 45. Suppose 5*f + 2 + 28 = 0. Determine x(f).
3
Let i(c) = -183*c + 21 + 376*c - 188*c. Determine i(-6).
-9
Suppose -21*s = 8*s + 174. Let n(w) = -3*w - 24. Determine n(s).
-6
Let s = -1 - -3. Let u(d) be the third derivative of d**5/60 + d**4/8 - d**3/3 + 4*d**2 - 1. Calculate u(s).
8
Let o(i) = 2*i - 58. Let x be o(26). Let p(d) = d**3 + 4*d**2 - 13*d - 1. Determine p(x).
5
Suppose -4*h - 5*c - 25 = 0, 2*h + 4*c - 2 = -16. Let n(r) = 10*r + 4. Let f(a) = -3*a - 1. Let m(t) = 7*f(t) + 2*n(t). Calculate m(h).
6
Let z(o) = -o. Let s(y) = 7*y**3 - y. Let h be s(-1). Let k(v) = v**3 + 7*v**2 + 5*v. Let g be k(h). Suppose 5*c = -1 + g. Calculate z(c).
-1
Let r(t) = t**2 + 11*t + 5. Let s(l) = 2*l**2 + 15*l + 16. Let h(u) = 2*u**2 + 16*u + 15. Let j(i) = 6*h(i) - 5*s(i). Let d(a) = 4*j(a) - 7*r(a). What is d(-4)?
-7
Suppose 30*q - 160 = -2*q. Let j(v) = 3*v**3 - 20*v**2 - 20*v + 11. Let n(u) = 2*u**3 - 13*u**2 - 13*u + 7. Let f(p) = -5*j(p) + 8*n(p). Give f(q).
6
Let p(q) be the second derivative of -q**6/120 - 2*q**5/15 - 3*q**3/2 + 5*q**2 - 8*q. Let n(d) be the first derivative of p(d). Calculate n(-8).
-9
Let i(g) = -g**2 - g - 1. Let z(w) = w**2 + 17*w - 15. Let p be z(-18). Calculate i(p).
-13
Let g be 6/4*5/15*10. Let d(b) = b**2 + 5*b - 3. Let c(x) = 2*x**2 + 11*x - 5. Let p(q) = g*d(q) - 2*c(q). What is p(-5)?
5
Suppose 16*y = 4*y + 36. Let k(h) = -y*h**2 + 31 + 2*h - 31. Give k(2).
-8
Let p(c) = c + 12. Let g be p(5). Suppose g - 2 = -3*j. Let s(m) = -m**3 - 5*m**2 - 3*m - 6. Determine s(j).
9
Suppose 5*z - 165 = 2*o, -3*z = 4*o - 112 - 13. Let g = z + -37. Let d(f) = -2*f**2 - f + 1. Determine d(g).
-5
Let p(h) = -h**2 + 10 + 163*h - 88*h - 86*h. Give p(-12).
-2
Let t(m) = m**2 + 2*m - 2. Let s(l) = -16*l**2 - l + 4. Let v(d) = -s(d) - t(d). Give v(-2).
60
Let r(t) = -2*t - 50. Let f(n) = -2. Let y(m) = -44*f(m) + 2*r(m). What is y(-10)?
28
Let s = -6 + 12. Suppose 0*l - 3*l + s = 0. Let q(r) = -16*r**2 - 3 + 3*r**3 + 20*r**2 + 1 + l*r. What is q(-2)?
-14
Let x(d) = 3*d - 56. Let m(a) = 2*a - 38. Let o(w) = -8*m(w) + 5*x(w). Determine o(18).
6
Let w(z) = -z**3 - 10*z**2 - 8*z - 11. Let k be ((-12)/8)/((-16)/(-96)). Give w(k).
-20
Let j(q) = q**3 + q**2 + 3. Suppose 58*i + 152 = 50*i. Suppose 27 = 2*x - 11. Let o = i + x. Give j(o).
3
Let u(i) = -i + 4. Let d(l) = 3*l - 8. Let w(p) = 2*d(p) + 5*u(p). Let n = 25 - 32. Give w(n).
-3
Let c be (-48)/(-15) - 4/20. Suppose d + y - 6 = 5*y, -3*d = c*y - 18. Let g be (4/10)/(d/15). Let l(i) = -2*i**3 + i**2 - 1. Determine l(g).
-2
Let z(x) = 19 - x + 43 - 73. Determine z(-9).
-2
Let r be (4/10)/((-4)/80). Let q = 11 + r. Suppose -4*d + 12 = 0, -a - q = -3*a - 5*d. Let s(g) = -2*g - 3. Calculate s(a).
9
Let o(c) = -2*c + 1. Let y = -23 - -37. Let f(z) = z**3 - 14*z**2 + 3. Let n be f(y). Calculate o(n).
-5
Let z(c) = 7*c - 34 + 0*c - c + 0*c. Give z(6).
2
Let k(o) = o + 1 + 33*o**2 - 2 - 10*o**2 - 9*o**2 - 6*o**2. Calculate k(1).
8
Let u be ((-28)/49)/((-2)/7). Suppose 5*b = u*b - 5*k + 19, -b - 3 = -3*k. Let j(p) = -p - 2*p + 2*p + 2 + p**2 + b*p. Give j(-2).
2
Let r(b) = b**3 + 3*b**2 - 3*b + 4. Let c(w) = -w**3 - 2*w**2 + 2*w - 4. Let v(a) = -3*c(a) - 4*r(a). Let p be (8/(-16))/((-4)/(-224)*4). Calculate v(p).
3
Let q(h) = 2*h**3 + 13*h**2 - 8*h - 1. Let o be q(-7). Let b(j) = -1. Let p(n) = -n - 10. Let y(v) = -5*b(v) + p(v). Determine y(o).
-11
Let a(u) = -u**2 + 6*u - 5. Let k be a(4). Suppose 12 = -5*w + k*w. Let q(n) = -4418*n**2 + 4*n + 1101*n**2 + 1103*n**2 + 1105*n**2 - 6 + 1110*n**2. Give q(w).
6
Let y(l) = -l**2 - 9*l - 10. Let c(f) = -2*f**2 - 17*f - 19. Let q(x) = 3*c(x) - 5*y(x). Give q(-5).
-2
Let h(d) be the third derivative of 0*d**4 + 0 + 1/120*d**6 + 8*d**2 - 1/15*d**5 - 2/3*d**3 + 0*d. Let c(q) = q**2 - 2*q - 4. Let m be c(4). What is h(m)?
-4
Suppose -7*w + 11 = 39. Let d(k) = -6*k + 4. Let u(x) = 5*x - 4. Let v(h) = -6*d(h) - 7*u(h). What is v(w)?
0
Suppose -35*p + 93 + 47 = 0. Let z(i) be the second derivative of 0 - 1/20*i**5 - 9/2*i**2 - i**3 + 2/3*i**p - 4*i. What is z(7)?
-2
Let z = 56 - 69. Let f = -15 - z. Let c(l) = 3*l + 1. Give c(f).
-5
Suppose -s = 5*v - 5, 4*v + 17 + 0 = -5*s. Let o(n) be the second derivative of -n**5/20 - n**4/3 + n**3/2 - 7*n**2/2 - 16*n. Determine o(s).
3
Let h(w) be the third derivative of w**5/60 + w**4/12 - w**3/6 - 2*w**2. Suppose -c + 17 = 3*j, -4*j + 14 = c - 4*c. Give h(c).
7
Let z(a) = -a. Let c = -115 + 116. Determine z(c).
-1
Let u be (-16)/(-4)*18/8. Let k(g) = g + 4. Calculate k(u).
13
Let z be (3/3)/(10/(-50)). Let d(h) = -h**3 - 6*h**2 - 5*h - 10. Determine d(z).
-10
Let q be -3 + 2 - (3 - 3). Let t be q/(-2 - 0 - -1). Let y(u) = 4 + u**2 + u**3 - 1 - t - u. Calculate y(-2).
0
Let q = -6 + 14. Suppose 3*j + 4 = -q. Let t(s) be the first derivative of 3*s**2/2 + s + 8. Give t(j).
-11
Suppose 2*f - 4*f + 8 = 0. Let r(i) = -6*i - 22 + 35 + 2*i - 9. Determine r(f).
-12
Suppose -7*w = -12*w - 160. Let l be w/(-20) + (-2)/(-5). Let s(f) = 5*f - 4 - 3*f + f**3 - 4*f**l + 0*f. What is s(3)?
-7
Let u(h) = -h**2 - 9*h - 4. Let i be u(-5). Let g be (-69)/12 + (-4)/i. Let q(k) be the second derivative of k**4/12 + k**3/2 - 4*k**2 + 3*k. Determine q(g).
10
Let w(d) = 2156*d + 6*d**2 + d**3 - 7 - 4312*d + 2155*d. What is w(-6)?
-1
Let i(k) = k**3 - 5*k**2 - k + 3. Suppose -5*w = -10*w + 65. Let o(z) = z**3 - 14*z**2 + 12*z + 18. Let n be o(w). What is i(n)?
-2
Let v(f) = 2*f - 3. Suppose -2*h + 3*r = 3*h - 44, -4*h + 2*r + 36 = 0. Suppose -3*m + h - 34 = -4*o, -14 = 2*o + 5*m. Suppose 4*n + o - 11 = 0. Give v(n).
1
Let z(s) = 19*s**2 + 7*s. Let l = -4 - -13. Let q(n) = -9*n**2 - 3*n. Let j(w) = l*q(w) + 4*z(w). Suppose 6*p - 3*p = 3. Give j(p).
-4
Let k(p) = -2*p - 2*p - 2*p + 4 + 5*p. Let u be k(2). Suppose u = -0*m - 2*m. Let r(y) = -2*y + 1. What is r(m)?
3
Let p(x) = 34*x + 457. Let f be p(-13). Let t(a) = a**2 - 14*a - 9. Calculate t(f).
6
Let t be (2 + -1)/(6/24). Let x = -1 + t. Let g(u) = 6*u - 3*u + u**2 - 2*u + x - 2. What is g(-1)?
1
Let l(y) = y**3 + 2*y**2 - 3*y - 3. Suppose -4*d = 5*k + 369, 2*d - 280 - 36 = 4*k. Let h = k - -74. What is l(h)?
-3
Let z(u) = -u**3 - 4*u**2 + u - 1. Let p(x) = -2*x**2 + 11*x - 3. Let j be p(5). Suppose 2*g = 7*k - j*k - 33, -5*g - 40 = -4*k. Determine z(g).
-5
Let j be (-294)/686 - (-8)/(-14). Let r(n) = 69*n**2 - n. What is r(j)?
70
Let f(a) be the third derivative of a**5/60 - a**4/8 - 5*a**3/6 + 1315*a**2. Let c be 5 + 1 + 0 + -1. Determine f(c).
5
Suppose 2*z + 2*f = 7*z - 2, 6 = -z + 2*f. Suppose z*y - 16 = -2*w, 0*w - y - 52 = -4*w. Suppose 0 - w = -3*u. Let r(q) = -q**2 + q - 1. Give r(u).
-13
Let s(d) = 18*d - 31. Suppose -53*q - 76 = -91*q. Give s(q).
5
Let h(j) = -17*j + 384*j**2 + 384*j**2 - 19 - 1152*j**2 + 383*j**2. Calculate h(-13).
33
Let q(i) = -i**3 - 14*i**2 - 2*i - 25. Let t be q(-14). Let f(g) = g**3 - 5*g**2 + 5*g - 5. Give f(t).
-8
Let x(o) = o**3 - 12*o**2 + 4*o - 34. Let u be x(12). Let k be (-24)/u*56/(-16). Let c(m) = 0*m**2 + 0*m + 6 + m**2 - 6*m. Give c(k).
6
Suppose 3*g - 22 + 10 = 0. Suppose 0 = -10*l - g*l + 70. Let w(h) = h**2 - 7*h - 2. Determine w(l).
-12
Let t be (3/(-2))/((-21)/42). Let r(s) = 4*s**2 - 3*s - 4. Give r(t).
23
Let y(f) = -8*f**2 + 9075*f**3 - 4537*f**3 + 11*f - 4537*f**3. Determine y(6).
-6
Let z = 426 + -420. Let g(m) = -3*m**3 + 8*m**2 - m - 1. Let p(j) = -j**3 + j**2 + 1. Let x(f) = g(f) - 2*p(f). Give x(z).
-9
Let t be ((-3)/9 + 1)/(4/(-18)). Let u(g) = -g**3 - 3*g**2 + g - 2. What is u(t)?
-5
Let h = -17 - 28. Let x be ((-8)/(-18))/((-10)/h). Let l(r) = r**2 + 2. Give l(x).
6
Let o(m) = -3*